
24
What is -5 - -6 - 2 - 4 - (-2 + 4)?
-7
Evaluate (7 - (6 + -12 - -7)) + -3 + -15.
-12
What is (-5 - 0) + -31 + (36 - -1)?
1
What is the value of (41 - (51 + -10)) + (5 - 4)?
1
Evaluate (9 - (3 + -1) - 7) + 1.
1
What is (2 - (-4 + -3)) + (0 - (5 + 5))?
-1
What is the value of -2 - ((19 - -12) + -38)?
5
10 - ((-3 - -3) + (-16 - -18))
8
Evaluate -20 + 1 - (8 + (-9 - 2)) - -2.
-14
Evaluate -4 + (-1 - 8 - -4) + (0 - -16).
7
What is the value of (2 - 0) + 13 + (-30 - 14) + 8?
-21
What is 5 + -22 - (5 - 10) - (19 - 42)?
11
What is the value of -3 + (2 - (-14 - -9) - 17)?
-13
Evaluate -6 + (14 + -13 - 5) + (10 - -1).
1
Evaluate -2 - (-7 + 0 + -1 + 17).
-11
Evaluate 2 + -1 - (32 + -14 + -14) - -11.
8
Evaluate -50 + 25 + 44 - (2 + (2 - 1)).
16
What is -19 - (22 + -16 - 18)?
-7
Evaluate (27 - 0 - 2) + -76 + 94 + -10.
33
Calculate 14 - (17 - 26 - -28).
-5
What is the value of (5 + -2 - (3 - -3) - 2) + -8?
-13
What is -1 - -7 - (-276 - -274)?
8
(-54 - -15) + 10 - -19
-10
(198 + -206 - (0 - 4)) + -7
-11
What is 20 - (2 + 2 + -4 - (70 + -73))?
17
Calculate 23 + (-33 - 18) + -4.
-32
What is the value of -5 - -2 - (-5 + (-1 - -4) + 6)?
-7
(12 + -17 - -3) + (3 - 0 - 2)
-1
0 - (-2 + -7 + (0 - -5 - 2))
6
What is the value of 60 + -46 + 3 + -1 + -2?
14
What is the value of (13 + -1 - -1) + (679 - 683)?
9
What is the value of 38 + -61 + 47 - -12?
36
0 + (22 - 22) + (-2 - -11)
9
What is 52 + 22 + -70 + 0 + 12?
16
35 + -1 - (-109 + 157)
-14
What is the value of -3 + 13 + (-9 + 1 - 15)?
-13
-17 + (10 - -3) - 4 - 7
-15
Evaluate -7 + -1 - (-6 - (6 - -20 - 20)).
4
What is the value of -86 + 86 - (-1 - -1 - (4 + -14))?
-10
What is 16 + (-34 - -23) - (-1 + -5)?
11
Evaluate -28 + (-10 - (-40 - -22)).
-20
-6 + (-1 - 5) + (11 - 5) + -10
-16
What is -32 - -53 - (1 + 3)?
17
What is 17 + -42 + (4 - -18)?
-3
Evaluate 9 + (13 - 14 - 14 - 0).
-6
What is 1 - (17 + -18) - (-13 - -2)?
13
What is (3 - 46 - -21) + 2?
-20
Evaluate (-11 - -9) + -11 + 1 - -5.
-7
6 + -15 - (0 - 15) - -2
8
What is (5 - 10) + 3 + (1 + 5 - -3)?
7
What is the value of -25 - (-11 - (10 - 8))?
-12
Calculate -1 + -5 + -17 + (0 - -16).
-7
What is the value of (13 - -27) + 10 + -30?
20
Evaluate 2 + -4 + -282 + 284.
0
Calculate (1 - -13 - 3 - 8) + 11.
14
Calculate 17 + -23 + -3 - -18.
9
Evaluate (8 - (7 + (4 - 16) + 11)) + -25.
-23
Evaluate -2 - (4 - (-13 + (-4 - -11) + -13)).
-25
Calculate 12 + -11 - (-8 + 1).
8
(8 - (-4 - -1)) + 1 + -6
6
What is the value of (-20 - -16) + -22 + 27?
1
Calculate (-1 - -1) + (-28 + 12 - -13 - -5).
2
-15 - (7 - (-14 + 27))
-9
What is -6 + (3 - (-1 - -10 - -8)) + 9?
-11
3 - ((6 - 5) + (-36 - -33))
5
What is (4 - 11) + 7 - 10?
-10
Calculate (11 - -11 - 8) + (0 - -2 - 6).
10
What is (-16 - -10) + 13 + -1 + (88 - 108)?
-14
Evaluate (-1 - 4 - (-13 - -10 - -9)) + 21.
10
Calculate (1 - -2) + (13 + -26 - -12) + -5.
-3
What is -22 + (14 - (10 + -5)) + 4?
-9
What is the value of -26 + -1 + 12 + 17?
2
What is 83 - 76 - ((3 - 4) + 4)?
4
What is -1 + 21 + 210 + -233?
-3
What is (1 - 10 - 3) + 10 - (-12 - 1)?
11
Calculate 9 + (-28 - (-2 + 5)) + 1 + 6.
-15
-16 + (2 - 11 - (-16 - 1))
-8
What is 14 + (-1 - -4 - (-1 + 6)) + 0?
12
Evaluate 4 + 19 + -44 - -18.
-3
Evaluate -4 + -12 + (-7 - 2) + -1 + 5.
-21
Evaluate 41 + -14 + (17 - 12).
32
What is -18 - (10 + 8 + -33)?
-3
What is the value of 334 + -335 + 0 + 9 + -33?
-25
-6 + (-6 - 3) - -28
13
What is -12 + (-2 - -1) + 14?
1
Calculate 19 - ((-5 - -17 - 20) + 4).
23
Evaluate (8 - (10 - 10)) + (-1 - (13 + 2)).
-8
Calculate -54 + 36 + (-2 - (-1 + -11)).
-8
Evaluate 1 + -2 + 4 - (11 + -5 + -17).
14
Evaluate (-22 + 15 + 15 - (36 + -2)) + 8.
-18
Evaluate -15 - 5 - -9 - -19.
8
Calculate (-5 - (-2 - 0) - -8) + (1 - 4).
2
What is the value of (-15 - (12 - 12)) + -16 + 47?
16
Calculate (-1 - -8) + (11 - (2 + 34 - -6)).
-24
Calculate (-1 + 16 - (9 + -14 + 10)) + -2.
8
Calculate 1 + -1 + (2 - 9) + 1.
-6
Calculate (20 - 0 - 4) + (1 - 5).
12
Calculate -11 + (-10 - ((29 - 37) + 0 + 0)).
-13
4 - (-6 + -2 + 1 + 9)
2
What is (7 - (18 - 11)) + 37 + -2?
35
What is the value of 20 + (0 - (4 + 7))?
9
Evaluate 20 + 0 + -1 - (35 - 30).
14
What is the value of 47 + 6 + -14 - ((10 - 17) + 18)?
28
Calculate -1 + 0 + 10 + -11 - (-2 + -6).
6
What is -1490 + 1514 + (-26 - -1)?
-1
11 - (18 + 9 + 5 + -16)
-5
What is 30 + 0 + -66 - -43?
7
What is -14 - (7 + -12 - (-4 - -6 - 0))?
-7
Evaluate -1 + -11 + -6 + 4.
-14
What is -1 + -1 - (-84 + 76) - -4?
10
Evaluate -5 + -25 + 26 + -7.
-11
Calculate (-17 + 1 - -1) + -4 + -8 + 18.
-9
Calculate 5 - 2 - (20 - 31) - 4.
10
Calculate 18 - (-6 - (-14 - ((4 - 10) + -1))).
17
What is the value of 22 + (12 - 63) + 28?
-1
9 + -2 + (0 - (-1 + 1)) - -1
8
Evaluate (-12 - (9 - 4) - (-4 + -2)) + -4.
-15
What is the value of -8 + (7 - 1) + (25 - 4) - 7?
12
What is -6 + 4 + (-16 - -23) + -12?
-7
What is the value of -3 - (-1 + -10) - 19?
-11
(1 - 6) + 14 + -9 + 8
8
Evaluate -5 + (25 - (13 + 3)).
4
-3 - 9 - -8 - -10
6
What is the value of 45 - 21 - (-16 + (1 - -11) + -7)?
35
What is -1 - -26 - ((25 - 10 - -1) + -8)?
17
What is the value of -11 - ((-3 - -2) + (16 - (68 - 14)))?
28
What is the value of 4 + (-2 - -4 - 5) - (26 - 25)?
0
Evaluate (1 - -8) + (-7 - 42) + 35.
-5
What is the value of 2 + -1 - (48 + -36)?
-11
44 + 0 + 44 + -51 + -5 + -9
23
Evaluate 3 - (4 + -6 + -6 + 7) - -3.
7
10 - (-104 + 103 + 1 + 1)
9
What is the value of (-9 - -6) + (-81 - -87) + (0 - -20)?
23
What is 1 + 0 + -1 - (-269 - -260) - -8?
17
What is the value of 25 + -16 + 17 + -3 + -5 + -1?
17
What is (-13 - -16) + (10 - (8 + (-4 - 0)))?
9
Evaluate (23 - 18) + -10 + (1 - 10 - 0).
-14
Evaluate 8 + -1 + (1 - 9 - (-491 + 485)).
5
Calculate -19 - ((5 - 16) + 5) - (-1 + -6).
-6
What is -33 + 21 + (-2 - -7 - 7)?
-14
-6 - -18 - 4 - 20
-12
Evaluate -43 - -17 - ((-7 - 1) + (0 - -1)).
-19
Calculate -3 + -12 + -3 + 25.
7
Evaluate 1 + (5 - -1) + -10 + 1.
-2
(-1 + 54 - (3 + -9 + 12)) + -6
41
Calculate -21 - (0 - (12 + 3)).
-6
Calculate (254 + -248 - (-1 - -20)) + 23.
10
Evaluate -448 + 448 + -1 + 4 - (2 + -27).
28
What is the value of -8 + 1 + -5 + (4 - (5 + -26))?
13
1 + (-34 - (-1 - 16))
-16
9 + -14 + -6 - -2
-9
What is the value of 5 + 0 + -2 - (26 - (-3 - -12))?
-14
Calculate 1 - (-7 - (21 - 39)).
-10
What is -116 - -74 - (1 + -13 + 0)?
-30
Calculate -4 + (16 - 13) + (1 - (3 - 1)).
-2
Calculate -85 + 81 - (-8 - 0).
4
What is the value of (3 + -1 - 0) + -251 + 241?
-8
Calculate -27 - (-17 - 1 - (-151 - -137)).
-23
What is -13 + 1 - (23 - (34 - -33))?
32
Calculate -1 - (-8 - (7 + -8 - 16) - 7).
-3
(0 + -16 - (-25 + (-4 - -21))) + 8
0
What is the value of (-1 + -7 - (-1 - -1)) + 23?
15
What is the value of 8 + -11 - (-2 - 26 - -9)?
16
2 - -16 - (-54 + 72)
0
-33 + -12 + (-27 - -65)
-7
Calculate (-1448 - -1417) + (17 - -1).
-13
What is -1 - (21 + -12 + (1 - 24))?
13
Calculate -5 - 38 - -49 - (44 + -3).
-35
What is (-12 - -3) + (8 - 5) - 9?
-15
Evaluate -18 - (11 + -20) - -6.
-3
What is -8 + 10 + (3 + -7 + 3 - 11)?
-10
Calculate 10 - (-5 - (-10 - -6)) - 14.
-3
Evaluate -6 + 0 + (8 - (7 + -2)) + 0.
-3
Calculate -2 + 1 + 64 + -77.
-14
Evaluate (0 - -4) + 2 + (-3 - 11) + 11.
3
(32 - 5) + (16 - -10) + -21
32
What is the value of 150 + -155 - (-15 - 0)?
10
What is the value of -5 + 6 + 17 + 11?
29
Evaluate 1 - (5 + -5) - -9.
10
Calculate (-2 + (2 - 0) - 3) + 3.
0
Calculate 9 - ((-10 + 2 - (-4 - 2)) + -2).
13
Evaluate -27 + 16 - (-18 + 2).
5
Evaluate 28 - (31 - (33 - (32 - 18))).
16
Calculate (-287 - -309) + (3 + -11 - 3).
11
4 - 6 - (-29 + 27)
0
What is (0 - 1 - (-22 - 1)) + 3549 + -3556?
15
Calculate 5 + 0 - (-15 + (-7 - -33)).
-6
What is 17 + (2 - 3) + 20 + (-30 - -4)?
10
Evaluate (1 - -4) + -7 + 1.
-1
(-2 - 17) + -4 + 0 - (-69 - -60)
-14
What is -4 + (3 - 7) + (52 - 43) + 0?
1
Calculate (6 + -20 + 3 - -1) + (0 - -7).
-3
Evaluate -15 + -1 + -11 + 5 + 5.
-17
Calculate 7 - (36 - (13 + (0 - 5 - 4))).
-25
Evaluate (-1216 - -1210) + (1 - (-3 + 2)).
-4
4 + 0 - ((5 - 6) + (-7 - -13))
-1
What is the value of 18 - (-5 + (-16 - -1 - (-10 + 1)))?
29
Evaluate (4 + 0 - 0) + -26 + -3 + 15.
-10
What is (4 - (5 + 5 - 1)) + (24 - -12)?
31
What is the value of -13 + (-15 - (-9 + -17))?
-2
(32 - 23 - ((0 - 3) + 4)) + -4
4
What is the value of (0 - -4) + (-1808 - -1809)?
5
-8 - ((0 - ((3 - 7) + 14)) + -23)
25
What is 